of 901803181?
43, 20972167
What are the prime factors of 63762592?
2, 83, 24007
List the prime factors of 131728981.
23, 5727347
What are the prime factors of 488473404?
2, 3, 107, 557, 683
What are the prime factors of 3097737825?
3, 5, 7, 13, 137, 3313
List the prime factors of 67599057.
3, 22533019
List the prime factors of 116585071.
116585071
List the prime factors of 23600577.
3, 7, 11, 13, 29, 271
List the prime factors of 385266230.
2, 5, 19, 1049, 1933
List the prime factors of 79410412.
2, 491, 40433
List the prime factors of 3469849858.
2, 1734924929
List the prime factors of 537132.
2, 3, 17, 2633
List the prime factors of 135296008.
2, 463, 36527
List the prime factors of 11733124.
2, 13, 225637
List the prime factors of 68463465.
3, 5, 7, 652033
List the prime factors of 1299537377.
353, 409, 9001
What are the prime factors of 421647997?
131, 337, 9551
What are the prime factors of 7258903?
29, 250307
What are the prime factors of 2768231708?
2, 11, 103, 55529
What are the prime factors of 417009326?
2, 127, 311, 5279
What are the prime factors of 669958616?
2, 1847, 45341
List the prime factors of 31399601.
31399601
List the prime factors of 1029795442.
2, 13, 41, 83, 103, 113
What are the prime factors of 27230063?
7, 269, 14461
What are the prime factors of 2536448304?
2, 3, 13, 71, 57251
What are the prime factors of 5258628766?
2, 31, 84816593
What are the prime factors of 1517274967?
13, 116713459
What are the prime factors of 1511798965?
5, 302359793
What are the prime factors of 140825021?
23, 71, 83, 1039
What are the prime factors of 772362252?
2, 3, 4201, 5107
List the prime factors of 27805013.
17, 1009, 1621
What are the prime factors of 6108721902?
2, 3, 61, 179, 31081
List the prime factors of 158361755.
5, 3847, 8233
List the prime factors of 45601576.
2, 227, 25111
What are the prime factors of 22855851?
3, 94057
List the prime factors of 713766298.
2, 7, 1319, 38653
What are the prime factors of 725102382?
2, 3, 120850397
List the prime factors of 194176352.
2, 19, 389, 821
What are the prime factors of 47243925?
3, 5, 69991
List the prime factors of 31800234.
2, 3, 17, 31, 89, 113
What are the prime factors of 7986060135?
3, 5, 730321
List the prime factors of 63561690.
2, 3, 5, 223, 3167
List the prime factors of 57674663.
31, 317, 5869
What are the prime factors of 353783866?
2, 176891933
List the prime factors of 3474648461.
26863, 129347
List the prime factors of 54158448.
2, 3, 1128301
List the prime factors of 1057971493.
1933, 547321
List the prime factors of 7320467356.
2, 1830116839
What are the prime factors of 3773367563?
7, 539052509
What are the prime factors of 1052755275?
3, 5, 11, 13, 103, 953
What are the prime factors of 1160828913?
3, 71, 5449901
List the prime factors of 363073504.
2, 29, 239, 1637
What are the prime factors of 834305648?
2, 11, 47, 53, 173
What are the prime factors of 34905727?
67, 520981
List the prime factors of 566824764.
2, 3, 11, 139, 30893
List the prime factors of 269759169.
3, 19, 1577539
What are the prime factors of 67998758?
2, 19, 227, 7883
What are the prime factors of 45289624?
2, 5661203
What are the prime factors of 1934720862?
2, 3, 322453477
List the prime factors of 74346694.
2, 41, 211, 4297
List the prime factors of 735639257.
101, 709, 10273
What are the prime factors of 1524459745?
5, 41, 7436389
What are the prime factors of 35415363?
3, 149, 79229
List the prime factors of 1525987554.
2, 3, 7, 13, 53, 52733
What are the prime factors of 173235664?
2, 7, 293, 5279
What are the prime factors of 10342436?
2, 13, 103, 1931
What are the prime factors of 7014997079?
17, 23, 29, 47, 13163
List the prime factors of 7895114100.
2, 3, 5, 31, 61, 4639
List the prime factors of 168688990.
2, 5, 16868899
What are the prime factors of 2952878241?
3, 43, 22890529
List the prime factors of 5499987650.
2, 5, 433, 254041
What are the prime factors of 16588144?
2, 1036759
List the prime factors of 41886151.
23, 1821137
What are the prime factors of 48092782?
2, 24046391
List the prime factors of 15615854.
2, 7807927
List the prime factors of 3457927765.
5, 691585553
What are the prime factors of 23727184?
2, 13, 114073
What are the prime factors of 469430820?
2, 3, 5, 331, 7879
List the prime factors of 293332193.
7, 11, 223, 1553
List the prime factors of 78504269.
37, 2121737
What are the prime factors of 143827704?
2, 3, 29, 22961
List the prime factors of 15309812.
2, 7, 23, 23773
List the prime factors of 18590301.
3, 277, 7457
What are the prime factors of 59484757?
701, 84857
List the prime factors of 336142666.
2, 17, 9886549
What are the prime factors of 2512167117?
3, 1669, 501731
List the prime factors of 2113207530.
2, 3, 5, 7, 2467, 4079
What are the prime factors of 730358879?
17, 19, 2261173
What are the prime factors of 1431281576?
2, 178910197
List the prime factors of 3487494525.
3, 5, 46499927
What are the prime factors of 890321245?
5, 11, 257, 62987
List the prime factors of 2268931973.
7, 11, 101, 167, 1747
What are the prime factors of 317299770?
2, 3, 5, 3525553
List the prime factors of 106434686.
2, 53217343
What are the prime factors of 2261822965?
5, 53, 61, 139921
What are the prime factors of 37304105?
5, 397, 18793
List the prime factors of 10853479.
7, 13, 41, 2909
List the prime factors of 216929232.
2, 3, 13, 19, 107
What are the prime factors of 62501457?
3, 599, 34781
What are the prime factors of 809495739?
3, 13, 523, 13229
What are the prime factors of 3883083?
3, 1294361
List the prime factors of 417357932.
2, 47, 349, 6361
List the prime factors of 1595877261.
3, 11, 17, 2844701
List the prime factors of 198010357.
198010357
What are the prime factors of 94169870?
2, 5, 53, 177679
List the prime factors of 204621749.
204621749
List the prime factors of 24679809.
3, 7, 11, 1319
List the prime factors of 1954737284.
2, 488684321
What are the prime factors of 125760784?
2, 7860049
What are the prime factors of 66650397?
3, 11, 2019709
What are the prime factors of 73614816?
2, 3, 11, 19, 1223
List the prime factors of 2816531212.
2, 11, 47, 1361959
List the prime factors of 2143629.
3, 238181
List the prime factors of 1044667527.
3, 17, 20483677
What are the prime factors of 767118477?
3, 4903, 52153
What are the prime factors of 944274347?
944274347
What are the prime factors of 581642194?
2, 7, 1567, 26513
What are the prime factors of 2889912043?
2889912043
What are the prime factors of 101690314?
2, 11, 23, 73, 2753
What are the prime factors of 7397202?
2, 3, 67, 18401
List the prime factors of 570601640.
2, 5, 7, 661, 3083
List the prime factors of 403307765.
5, 7, 223, 51673
List the prime factors of 1253320335.
3, 5, 61, 83, 5501
What are the prime factors of 39566356?
2, 9891589
What are the prime factors of 478240157?
478240157
List the prime factors of 1265947090.
2, 5, 43, 2944063
What are the prime factors of 317691318?
2, 3, 7, 23, 173, 1901
List the prime factors of 176499393.
3, 7, 127, 66179
What are the prime factors of 61468666?
2, 7, 4390619
List the prime factors of 2689224616.
2, 13, 25857929
List the prime factors of 107425462.
2, 389, 138079
What are the prime factors of 3721905174?
2, 3, 13, 19, 2511407
List the prime factors of 288432975.
3, 5, 1373, 2801
What are the prime factors of 1207103417?
13, 92854109
List the prime factors of 58442717.
149, 392233
List the prime factors of 408160520.
2, 5, 73, 113, 1237
List the prime factors of 24408586.
2, 509, 23977
What are the prime factors of 4432639?
2003, 2213
List the prime factors of 370519376.
2, 211, 109751
What are the prime factors of 43597733?
43597733
List the prime factors of 2182687660.
2, 5, 113, 965791
List the prime factors of 366044784.
2, 3, 7, 487, 2237
What are the prime factors of 63369721?
63369721
List the prime factors of 16356904.
2, 1249, 1637
List the prime factors of 578820795.
3, 5, 7, 5512579
What are the prime factors of 585545671?
17, 1609, 21407
List the prime factors of 117174879.
3, 13019431
What are the prime factors of 813495936?
2, 3, 11, 29, 229
What are the prime factors of 26075459?
47, 554797
List the prime factors of 108423688.
2, 17, 67, 73, 163
List the prime factors of 39208167.
3, 137, 31799
List the prime